 (base 9) in base 12?
12
What is 6 (base 8) in base 15?
6
Convert 304 (base 8) to base 9.
237
-14 (base 10) to base 6
-22
Convert 1013 (base 4) to base 9.
78
What is 7 (base 10) in base 14?
7
What is 230 (base 9) in base 5?
1224
What is 4 (base 8) in base 4?
10
Convert -10230 (base 4) to base 16.
-12c
What is 161 (base 14) in base 6?
1145
Convert 1002 (base 3) to base 9.
32
Convert -6 (base 9) to base 7.
-6
22 (base 6) to base 13
11
Convert 1003 (base 5) to base 3.
11202
Convert -10 (base 2) to base 15.
-2
-2 (base 13) to base 2
-10
5 (base 14) to base 12
5
Convert 2 (base 14) to base 12.
2
4 (base 11) to base 7
4
-322 (base 4) to base 9
-64
What is 26 (base 8) in base 13?
19
Convert 0 (base 9) to base 7.
0
8 (base 15) to base 14
8
Convert -1 (base 7) to base 16.
-1
Convert -5 (base 10) to base 9.
-5
-21 (base 3) to base 13
-7
Convert -2 (base 3) to base 13.
-2
-33 (base 14) to base 4
-231
What is 109 (base 10) in base 13?
85
What is -11100101 (base 2) in base 6?
-1021
Convert -18 (base 13) to base 4.
-111
Convert 23 (base 13) to base 3.
1002
Convert -4b (base 13) to base 9.
-70
Convert -11 (base 6) to base 3.
-21
What is 139 (base 13) in base 14?
117
What is 4b (base 16) in base 14?
55
Convert -21 (base 3) to base 5.
-12
96 (base 12) to base 5
424
What is 2221 (base 3) in base 12?
67
Convert a9 (base 16) to base 11.
144
What is 2 (base 15) in base 3?
2
Convert 287 (base 10) to base 2.
100011111
Convert 1 (base 9) to base 15.
1
Convert -72 (base 8) to base 15.
-3d
What is 11 (base 7) in base 8?
10
What is -11 (base 8) in base 2?
-1001
What is 201 (base 4) in base 13?
27
11010 (base 2) to base 15
1b
-10011 (base 3) to base 8
-125
47 (base 11) to base 4
303
Convert -5 (base 15) to base 10.
-5
Convert -6 (base 10) to base 14.
-6
-6 (base 9) to base 10
-6
What is 2 (base 16) in base 9?
2
What is 22 (base 14) in base 16?
1e
Convert 18 (base 16) to base 8.
30
What is 130 (base 9) in base 10?
108
What is -8 (base 12) in base 15?
-8
Convert 36 (base 8) to base 11.
28
-362 (base 8) to base 9
-288
-300 (base 4) to base 15
-33
44 (base 5) to base 15
19
1 (base 15) to base 4
1
What is 0 (base 13) in base 5?
0
What is -f (base 16) in base 8?
-17
What is 20 (base 12) in base 8?
30
Convert -1 (base 14) to base 8.
-1
22 (base 5) to base 14
c
What is 1 (base 7) in base 5?
1
Convert -10000 (base 2) to base 12.
-14
What is -144 (base 6) in base 3?
-2101
Convert -110 (base 5) to base 11.
-28
What is 10112 (base 3) in base 7?
164
What is -6 (base 12) in base 14?
-6
-2 (base 8) to base 13
-2
-4 (base 16) to base 4
-10
Convert -4d (base 14) to base 5.
-234
-42 (base 13) to base 11
-4a
Convert -20 (base 3) to base 4.
-12
What is -82 (base 9) in base 8?
-112
-4 (base 7) to base 2
-100
Convert -121 (base 4) to base 7.
-34
8 (base 13) to base 14
8
4 (base 12) to base 11
4
What is -bb (base 13) in base 10?
-154
Convert 411 (base 6) to base 3.
12121
Convert 45 (base 9) to base 8.
51
4 (base 14) to base 4
10
Convert 1043 (base 7) to base 4.
11312
-42 (base 9) to base 3
-1102
11021 (base 3) to base 6
311
Convert 103 (base 8) to base 7.
124
What is 1 (base 8) in base 10?
1
What is 11001 (base 2) in base 8?
31
-33 (base 9) to base 12
-26
-14 (base 13) to base 2
-10001
What is -11 (base 4) in base 10?
-5
What is -67 (base 14) in base 9?
-111
95 (base 14) to base 13
a1
-6 (base 14) to base 9
-6
What is -31 (base 4) in base 7?
-16
-2 (base 11) to base 3
-2
15 (base 13) to base 3
200
-7 (base 14) to base 4
-13
What is 26 (base 15) in base 13?
2a
Convert -111000 (base 2) to base 14.
-40
Convert -10 (base 8) to base 15.
-8
Convert -2 (base 3) to base 13.
-2
1 (base 11) to base 8
1
What is 94 (base 15) in base 10?
139
What is 35 (base 13) in base 4?
230
What is 10330 (base 4) in base 10?
316
What is -44 (base 11) in base 8?
-60
Convert -132 (base 4) to base 6.
-50
What is -10010110 (base 2) in base 3?
-12120
What is 30 (base 7) in base 11?
1a
What is 2 (base 6) in base 9?
2
a (base 11) to base 8
12
-1011010 (base 2) to base 16
-5a
What is 1 (base 3) in base 14?
1
5 (base 9) to base 5
10
What is 142 (base 5) in base 8?
57
Convert -15 (base 9) to base 3.
-112
Convert 26 (base 7) to base 11.
19
Convert 1021 (base 4) to base 12.
61
Convert -65 (base 10) to base 12.
-55
30 (base 9) to base 13
21
20 (base 10) to base 14
16
Convert 1000000 (base 2) to base 15.
44
What is -3 (base 4) in base 2?
-11
What is 110 (base 6) in base 8?
52
0 (base 7) to base 11
0
Convert 40 (base 9) to base 11.
33
What is 3 (base 14) in base 2?
11
-48 (base 16) to base 9
-80
1011110 (base 2) to base 8
136
-452 (base 7) to base 2
-11101001
Convert -1220 (base 3) to base 13.
-3c
-5 (base 6) to base 13
-5
Convert -101 (base 2) to base 9.
-5
What is 3 (base 9) in base 13?
3
Convert 1 (base 14) to base 3.
1
136 (base 7) to base 6
204
11 (base 13) to base 14
10
Convert -120 (base 3) to base 12.
-13
What is 42 (base 5) in base 6?
34
-5 (base 12) to base 16
-5
-11 (base 14) to base 2
-1111
Convert -51 (base 8) to base 5.
-131
6 (base 11) to base 15
6
Convert -2a (base 14) to base 7.
-53
Convert 12 (base 10) to base 9.
13
What is -53 (base 9) in base 11?
-44
Convert 83 (base 10) to base 3.
10002
What is 114 (base 5) in base 8?
42
Convert 3 (base 7) to base 8.
3
Convert -1 (base 6) to base 3.
-1
What is 25 (base 7) in base 9?
21
What is -165 (base 8) in base 13?
-90
What is 0 (base 13) in base 8?
0
Convert 142 (base 5) to base 2.
101111
-b (base 14) to base 2
-1011
What is -140 (base 14) in base 13?
-165
-3 (base 8) to base 10
-3
a (base 16) to base 5
20
Convert -313 (base 5) to base 3.
-10002
What is -2 (base 14) in base 3?
-2
What is -111 (base 3) in base 7?
-16
Convert -101 (base 3) to base 11.
-a
Convert -14 (base 9) to base 15.
-d
What is 0 (base 16) in base 7?
0
What is 0 (base 12) in base 2?
0
What is -10 (base 7) in base 15?
-7
0 (base 6) to base 16
0
1101 (base 2) to base 5
23
What is -6 (base 12) in base 8?
-6
-6 (base 15) to base 6
-10
Convert -11 (base 2) to base 9.
-3
What is -1101110 (base 2) in base 16?
-6e
What is -20 (base 3) in base 6?
-10
What is -14 (base 11) in base 4?
-33
Convert 11011 (base 2) to base 10.
27
What is -20 (base 7) in base 2?
-1110
Convert 1002 (base 3) to base 2.
11101
-2 (base 8) to base 10
-2
Convert 3 (base 6) to base 8.
3
Convert -26 (base 10) to base 5.
-101
Convert -20 (base 10) to base 13.
-17
-423 (base 5) to base 7
-221
Convert 4 (base 10) to base 7.
4
1 (base 11) to base 9
1
What is 158 (base 12) in base 13?
134
1 (base 15) to base 3
1
What is -2 (base 16) in base 2?
-10
What is 12 (base 7) in base 13?
9
Convert 2 (base 6) to base 11.
2
What is 22 (base 6) in base 11?
13
Convert -4a (base 14) to base 13.
-51
9 (base 14) to base 3
100
4 (base 5) to base 14
4
What is 1 (base 3) in base 15?
1
Convert -1 (base 2) to base 11.
-1
What is 1400 (base 5) in base 2?
11100001
What is -3 (base 8) in base 6?
-3
What is 7 (base 14) in base 13?
7
1133 (base 5) to base 15
b3
Convert -1b (base 14) to base 3.
-221
What is -29 (base 13) in base 14?
-27
Convert -a (base 11) to base 14.
-a
Convert -21 (base 3) to base 15.
-7
Convert 87 (base 11) to base 15.
65
Convert 9 (base 16) to base 14.
9
20221 (base 3) to base 2
10111011
-9 (base 13) to base 16
-9
-10 (base 3) to base 8
-3
Convert 0 (base 2) to base 10.
0
What is 28 (base 12) in base 7?
44
What is 10 (base 2) in base 14?
2
What is 89 (base 10) in base 4?
1121
What is -3 (base 4) in base 2?
-11
25 (base 9) to base 15
18
What is -113 (base 6) in base 8?
-55
Convert a6 (base 12) to base 7.
240
What is 1101101 (base 2) in base 3?
11001
Convert -ae (base 15) to base 4.
-2210
1110 (base 2) to base 13
11
-4 (base 15) to base 13
-4
What is 123 (base 4) in base 11?
25
-2 (base 12) to base 16
-2
-11 (base 6) to base 9
-7
17 (base 10) to base 16
11
Convert -2 (base 13) to base 2.
-10
Convert 49 (base 15) to base 4.
1011
1220 (base 4) to base 15
6e
Convert 14 (base 5) to base 11.
9
-2 (base 9) to base 11
-2
What is -113 (base 6) in base 12?
-39
What is -21 (base 4) in base 15?
-9
What is -5 (base 15) in base 11?
-5
-1 (base 15) to base 16
-1
-2 (base 10) to base 9
-2
2 (base 8) to base 3
2
201 (base 4) to base 15
23
What is -54 (base 8) in base 15?
-2e
2c (base 13) to base 5
123
What is -28 (base 15) in base 5?
-123
Convert 33 (base 7) to base 14.
